(f) = -f - 1. Let s(i) = -u(i) + 4*x(i). Let o(g) = 5*a(g) - 8*s(g). What is o(-5)?
-15
Let k(z) = z**2 - 7*z - 2. Let n be k(7). Let o = -9 + 13. Let b(c) = -2*c - o - 1 + 2. Give b(n).
1
Let w(n) = -n**3 + n. Let x be 12 + -8 + 1*-2. Suppose -x*d = d + 3. What is w(d)?
0
Let k be ((3 - 0) + 120/(-18))*-3. Let q(g) = -2*g + 15. What is q(k)?
-7
Let b(y) = -3*y + 2. Suppose -2*m - 4 = 0, -4 = 3*g + 4*m + 28. Let w = g + 1. Let d be 10/4 - w/(-14). Give b(d).
-4
Let h(s) = -s + 2*s**2 - 6*s**2 + 2 + 3*s**2. Calculate h(0).
2
Let f(d) = 3 - 5 + 3*d - 2*d**2 - 4*d + d**3. What is f(3)?
4
Let n(w) = 4*w**2 + 7 - 13*w**3 - 4*w - 7*w**3 + 30*w**3 - 9*w**3. Let f(y) = 3*y + 1. Let o be f(-2). Determine n(o).
2
Let w(b) = -b**2 - 11*b - 11. Suppose 4*l + 9 + 7 = 0, 0 = n - 2*l. What is w(n)?
13
Suppose r = 6*r. Let p(d) = r*d - d - 3 + 0. Determine p(3).
-6
Suppose 0*i = -2*i + 12. Let j(z) = z**3 + 6*z**2 + 12*z - 6. Let h(n) = -n**3 - 6*n**2 - 11*n + 5. Let d(q) = i*h(q) + 5*j(q). Determine d(-5).
5
Let n(y) = 7*y - 4 + 1 - 8*y. Determine n(4).
-7
Let a(b) = b**2 - 3. Let i(s) = 4. Let k(y) = 5*a(y) + 4*i(y). Let h = 2 - 1. Determine k(h).
6
Let l(a) = 2*a**2 + 3*a - 2. Let w be ((-12)/8)/((-2)/(-4)). What is l(w)?
7
Let h(j) be the first derivative of -j**6/120 + j**5/20 + j**4/24 + 3*j**2/2 - 4. Let b(z) be the second derivative of h(z). Calculate b(3).
3
Let t(z) = -z**2 - z - 1. Let x(b) = 5*b**2 + 6*b + 1. Let l(h) = 3*t(h) + x(h). Give l(2).
12
Let u be -4*34 - (-3)/3. Let b be (-7)/9 - (-30)/u. Let k(n) be the first derivative of -8*n**3/3 - n**2 - n - 2. Determine k(b).
-7
Let g(o) be the first derivative of o**4/4 + 5*o**3/3 - 3*o**2/2 - 6*o + 13. Determine g(-5).
9
Suppose 0 = 2*n - 16 + 8. Let g(x) be the first derivative of 0*x**3 + 1 - x + 3/2*x**n - x**2. Give g(-1).
-5
Let q(p) be the second derivative of 5*p + 1/2*p**2 + 0 + 1/6*p**4 - 1/5*p**5 + 1/3*p**3. Let c(s) = s**3 - s**2 - s. Let y be c(1). What is q(y)?
5
Let a(l) = l**3 + 9*l**2 + l + 8. Suppose -3*k = 4*k + 63. What is a(k)?
-1
Let w(o) = o**3 - 3*o**2 + 4. Let d(m) = 2*m**3 - 2*m**2 + 3. Let p(i) = -4*d(i) + 3*w(i). What is p(1)?
-6
Let k(a) = -a + 5. Let t = -21 + 28. Calculate k(t).
-2
Let y(f) = -4 + 2 + 2 + 1. Let u(l) = -l**2 + 5*l - 2. Let q(i) = u(i) + 4*y(i). Let p(n) = -n. Let m(c) = -4*p(c) - q(c). Determine m(-3).
10
Suppose 7*j - 2*j = -20. Let q(y) = -y**2 - 3*y - 5. What is q(j)?
-9
Let x(n) be the second derivative of n**5/20 + n**3/3 + 3*n**2/2 + 2*n. Suppose 5*m = -2*p + p - 14, 0 = -5*p - 20. What is x(m)?
-9
Let n(r) be the second derivative of -r**6/180 + r**5/120 + r**4/24 - r**3/2 - 3*r. Let h(z) be the second derivative of n(z). Give h(-1).
-2
Let a(y) = -4 - 4*y**2 + y + y**3 - y + y. Suppose 3*r - 12 = -0*r. Determine a(r).
0
Suppose 20 + 10 = 3*p. Suppose -t = t + p. Let c(n) = n + 4. Calculate c(t).
-1
Suppose 3*l - i - 2*i = 27, -2*l = 3*i - 13. Let v(n) = -n**3 + 8*n**2. Calculate v(l).
0
Let q(k) = -k**3 + 3*k**2 + 4*k + 2. Let m be q(4). Let w(h) = -h**2 - m*h**2 - 1 + 3*h**3 - 4*h**3 - 2*h - h**2. Give w(-3).
-4
Let a(t) = -2*t - 1. Let j(v) = v**2 - v + 1. Let d be j(2). Calculate a(d).
-7
Let y(c) = -c**3 + 5*c**2 - 2*c. Let o = -33 + 53. Let g be 30/o*(1 - -1). What is y(g)?
12
Let r(q) = q**2 - 10*q + 1. Let w be r(10). Let t(s) = 3*s - 1. Give t(w).
2
Let c(b) = 4*b + 8. Let j(r) = -3*r - 7. Let s(a) = -5*c(a) - 6*j(a). Suppose 4*q - 14 - 2 = 0. Suppose -1 = -h - q. Determine s(h).
8
Let q(k) = -k**2 - 8*k - 9. Let h(v) = -17*v**2 + 1. Let a be h(-1). Let n be 108/a + (-3)/(-4). Calculate q(n).
3
Suppose 0*p + 2*p + 4 = 0. Let w = 1 - p. Let y(k) be the first derivative of -3*k**2/2 + k + 8. Calculate y(w).
-8
Suppose 0 = 7*f - 8*f. Suppose f = -j + t + 8, 22 = 3*j - 0*t - 2*t. Let s(u) = -u**3 + 6*u**2 - 3. What is s(j)?
-3
Let k(m) = m**3 + 7*m**2 + 8. Let n be (8 + (0 - 4 - -3))/(-1). Determine k(n).
8
Let x(h) = h - 7 + 0*h + 3*h - 3*h. Determine x(4).
-3
Let t(p) = -5. Let d(w) = -w - 1. Let f(g) = -d(g) + t(g). Let k = -183 - -183. Determine f(k).
-4
Let o(l) = l. Let m(r) = -2. Let t(v) = -m(v) + o(v). Determine t(-4).
-2
Let k(w) = -w. Let s be ((-1)/(-2))/((-1)/2). Let c(u) = 2*u**2. Let m be c(-1). Let p = s + m. Give k(p).
-1
Let z(u) = -u**2 - u + 2. Let y be z(0). Suppose -y*x + 0 = -4. Let n(i) = 0*i**2 - 2*i**3 + i**3 - x*i + 3*i**2. Calculate n(2).
0
Let m(f) = -f**3 + f**2 - 1. Suppose 2*j - 37 - 1 = 0. Let c = -2 + 7. Suppose -y + c*i = -j, -2*y - 4 = -6*y + 2*i. Give m(y).
1
Let r(x) be the first derivative of x**3/3 + 3*x**2 + 3*x - 54. Give r(-7).
10
Let c(z) = -z + 4. Let g be c(3). Let t be -3 + 5 - 1/g. Let r be -2 - (t - 2) - 4. Let n(u) = -u - 7. Give n(r).
-2
Let i(s) be the third derivative of 5*s**4/24 - s**3/6 + s**2 - 45. What is i(-2)?
-11
Let n(k) = k + 10. Let s be n(-10). Let b = s + 3. Let y(x) = 0*x + x + 0*x - b + 0*x. Calculate y(6).
3
Let u(f) be the third derivative of 0*f - 1/2*f**3 + 1/4*f**4 - 7*f**2 + 0. What is u(2)?
9
Suppose 2*n + 12 = -a, -n - 18 = a + 3*n. Let k(s) = s**3 + 6*s**2 + s + 2. Calculate k(a).
-4
Let k = -3 + 7. Let q(c) be the third derivative of c**7/5040 - c**6/80 + c**5/60 + c**2. Let r(v) be the third derivative of q(v). What is r(k)?
-5
Let i = 4 - 1. Let f(u) = -4*u**2 + 3 - 5 + 2*u - 3*u + 3*u**3. Let m(g) = g**3 - g**2 + g + 1. Let q(p) = -f(p) + 2*m(p). What is q(i)?
4
Suppose -9 = -3*d - 3. Suppose 0 = -2*a - d*i + 6, -2*i + i + 9 = 4*a. Let k = 4 + a. Let m(p) = -p**2 + 6*p - 6. Determine m(k).
-6
Let c(j) = 3*j**3 + 7*j**2 + 7*j - 10. Let u(k) = k**3 + 4*k**2 + 3*k - 5. Let o(n) = -2*c(n) + 5*u(n). Give o(6).
1
Let j = 5 + -5. Suppose 5*o = f + 20, o + j*o = 5*f - 20. Let a(p) = p**2 - 5*p + 6. Give a(f).
6
Let b(l) = l**3 + 4 + 4*l**2 - 2*l + 0 - 2*l**3. What is b(3)?
7
Let n(v) = 6*v**2 + 3*v - 5. Let r(m) = -3*m**2 - m + 2. Let h(y) = 2*n(y) + 5*r(y). Calculate h(2).
-10
Let o(y) = -y**2 + 19*y - 23. Let p be o(18). Let f(n) be the third derivative of -n**5/60 - n**4/6 - 7*n**3/6 - 4*n**2. Determine f(p).
-12
Let n = 41 - 42. Let i(u) be the second derivative of -4*u**3/3 + u**2/2 + 2*u. What is i(n)?
9
Suppose 0 = -w - 4*w + 25. Suppose -4*i - 1 = 3*t, i + 11 = w*t - 18. Let b(k) = -2*k + 3*k**3 - 5*k**2 + t*k + 2 - 2*k**3. What is b(3)?
-7
Let l(a) be the first derivative of -a**2 + 6*a + 2. Give l(4).
-2
Let n = -679/20 - -34. Let j(v) be the second derivative of v**3 + 5/2*v**2 + 7/12*v**4 + 0 + n*v**5 - v. What is j(-6)?
5
Let d(i) be the second derivative of 0 - 1/3*i**3 - 2*i - 5/2*i**2. Let g(j) = -j - 11. Let n be g(-6). Determine d(n).
5
Let r be 3*(8/(-3) + 1). Let k(l) = -l**2 - 11*l - 7. Let t(z) = -z - 1. Let b(q) = r*t(q) + k(q). Suppose 2*u = 6*u + 24. What is b(u)?
-2
Let c(v) = -3*v**3 + 2*v**2 + 3*v. Let k(i) = -4*i**2 + 2*i**3 + 2*i**3 - 5*i - 1 + 3*i**3 - 2*i. Let r(f) = -5*c(f) - 2*k(f). What is r(3)?
8
Let a(o) = o**3 - 5*o**2 - 8*o + 3. Let n be a(6). Let m = 5 + n. Let x(y) = y**2 + 2*y + 3. Give x(m).
11
Let b(t) = 10*t + 7. Let s(z) = 7*z + 5. Let y(m) = 5*b(m) - 7*s(m). Suppose 12*o = 7*o + 10. Let n(j) = j**3 - 3*j**2 + j. Let q(p) = o*y(p) + n(p). Give q(2).
2
Let u(b) = 5*b + 2*b + 0*b**2 - b + b**2. What is u(-5)?
-5
Let r(n) be the third derivative of n**6/360 + n**5/120 + n**4/24 + n**3/2 - 3*n**2. Let h(p) be the first derivative of r(p). Determine h(-2).
3
Let g be (6 - 5)/(-1 + 0). Let s = 1 + g. Let v = s - 2. Let q(b) = -b**2 - 2*b. What is q(v)?
0
Let m(v) = 7. Let s(w) = w + 1. Let r(q) = m(q) - s(q). Let u(c) = c - 1. Let f be u(6). Give r(f).
1
Let u = -62 - -64. Let b(z) be the first derivative of 5*z - u - 1/2*z**2. What is b(5)?
0
Let c(j) = -j**2 + 5*j - 2. Suppose 3*o - o = -44. Let l be 3/6 - o/4. What is c(l)?
-8
Let x(j) = 3*j**2 + 2*j + 2. Let g(l) = l**2 + l + 1. Let y(o) = 2*g(o) - x(o). Calculate y(1).
-1
Let z(o) = 10*o**3 - 4*o**2 + 5*o. Let s(j) = -j + 12. Let i be s(6). Let p(n) = 11*n**3 - 5*n**2 + 6*n. Let q(f) = i*z(f) - 5*p(f). Determine q(1).
6
Let z(y) = -4*y**2 + y - 2. Let d(p) = 5*p**2 - p + 3. Let t(s) = 3*d(s) + 4*z(s). Calculate t(0).
1
Let w(l) = 2*l - 1. Let r(g) = -6*g + 3. Let s(b) = -4*r(b) - 14*w(b). Let y be (-13)/2*(0 - -2). Let x = y + 15. Determine s(x).
-6
Let c(k) = 0*k + 